{"id":3071,"date":"2019-04-29T20:45:49","date_gmt":"2019-04-29T20:45:49","guid":{"rendered":"https:\/\/kuechen-baeder.fust.ch\/kuechenausstellungen\/"},"modified":"2020-08-26T16:31:15","modified_gmt":"2020-08-26T14:31:15","slug":"succursales-expositions-de-cuisines-expositions-de-salles-de-bains","status":"publish","type":"page","link":"https:\/\/kuechen-baeder.fust.ch\/fr\/succursales-expositions-de-cuisines-expositions-de-salles-de-bains\/","title":{"rendered":"Standorte"},"content":{"rendered":"<style>\r\n\t#wpsl-stores .wpsl-store-thumb {height:45px !important; width:45px !important;}\r\n\t#wpsl-stores, #wpsl-direction-details, #wpsl-gmap {height:500px !important;}\r\n\t#wpsl-gmap .wpsl-info-window {max-width:300px !important;}\r\n\t.wpsl-input label, #wpsl-radius label, #wpsl-category label {width:95px;}\r\n\t#wpsl-search-input ,#wpsl-category .wpsl-dropdown {width:200px;}\r\n<\/style>\r\n<div id=\"wpsl-wrap\">\r\n\t<div class=\"wpsl-search wpsl-clearfix wpsl-filter\">\r\n\t\t<div id=\"wpsl-search-wrap\">\r\n\t\t\t<form autocomplete=\"off\">\r\n\t\t\t<div class=\"wpsl-input\">\r\n\t\t\t\t<div><label for=\"wpsl-search-input\">Lieu<\/label><\/div>\r\n\t\t\t\t<input id=\"wpsl-search-input\" type=\"text\" value=\"\" name=\"wpsl-search-input\" placeholder=\"\" aria-required=\"true\" \/>\r\n\t\t\t<\/div>\r\n\t\t\t<div class=\"wpsl-select-wrap\">\r\n\t\t\t\t<div id=\"wpsl-radius\">\r\n\t\t\t\t\t<label for=\"wpsl-radius-dropdown\">Rayon<\/label>\r\n\t\t\t\t\t<select id=\"wpsl-radius-dropdown\" class=\"wpsl-dropdown\" name=\"wpsl-radius\">\r\n\t\t\t\t\t\t<option value=\"15\">15 km<\/option><option selected=\"selected\" value=\"25\">25 km<\/option><option value=\"50\">50 km<\/option><option value=\"70\">70 km<\/option><option value=\"100\">100 km<\/option>\r\n\t\t\t\t\t<\/select>\r\n\t\t\t\t<\/div>\r\n\t\t\t\t<div id=\"wpsl-results\">\r\n\t\t\t\t\t<label for=\"wpsl-results-dropdown\">R\u00e9sultats<\/label>\r\n\t\t\t\t\t<select id=\"wpsl-results-dropdown\" class=\"wpsl-dropdown\" name=\"wpsl-results\">\r\n\t\t\t\t\t\t<option selected=\"selected\" value=\"10\">10<\/option><option value=\"20\">20<\/option><option value=\"30\">30<\/option><option value=\"40\">40<\/option>\r\n\t\t\t\t\t<\/select>\r\n\t\t\t\t<\/div>\r\n\t\t\t<\/div>\r\n<div id=\"wpsl-category\">\r\n<label for=\"wpsl-category-list\">Category<\/label>\r\n<select  name='wpsl-category' id='wpsl-category-list' class='wpsl-dropdown'>\n\t<option value='0'>Any<\/option>\n\t<option class=\"level-0\" value=\"455\">Argovie<\/option>\n\t<option class=\"level-0\" value=\"456\">B\u00e2le-Campagne<\/option>\n\t<option class=\"level-0\" value=\"457\">Berne<\/option>\n\t<option class=\"level-0\" value=\"460\">Fribourg<\/option>\n\t<option class=\"level-0\" value=\"458\">Gen\u00e8ve<\/option>\n\t<option class=\"level-0\" value=\"477\">Grisons<\/option>\n\t<option class=\"level-0\" value=\"459\">Lucerne<\/option>\n\t<option class=\"level-0\" value=\"461\">Neuch\u00e2tel<\/option>\n\t<option class=\"level-0\" value=\"463\">Saint-Gall<\/option>\n\t<option class=\"level-0\" value=\"462\">Soleure<\/option>\n\t<option class=\"level-0\" value=\"464\">Tessin<\/option>\n\t<option class=\"level-0\" value=\"465\">Thurgovie<\/option>\n\t<option class=\"level-0\" value=\"467\">Valais<\/option>\n\t<option class=\"level-0\" value=\"466\">Vaud<\/option>\n\t<option class=\"level-0\" value=\"468\">Zoug<\/option>\n\t<option class=\"level-0\" value=\"469\">Zurich<\/option>\n<\/select>\n<\/div>\r\n\t\t\t\t<div class=\"wpsl-search-btn-wrap\"><input id=\"wpsl-search-btn\" type=\"submit\" value=\"Chercher\"><\/div>\r\n\t\t<\/form>\r\n\t\t<\/div>\r\n\t<\/div>\r\n\t<div id=\"wpsl-gmap\" class=\"wpsl-gmap-canvas\"><\/div>\r\n\t<div id=\"wpsl-result-list\">\r\n\t\t<div id=\"wpsl-stores\" >\r\n\t\t\t<ul><\/ul>\r\n\t\t<\/div>\r\n\t\t<div id=\"wpsl-direction-details\">\r\n\t\t\t<ul><\/ul>\r\n\t\t<\/div>\r\n\t<\/div>\r\n<\/div>\r\n\n","protected":false},"excerpt":{"rendered":"<p> [&#8230;]<\/p>\n<p><a class=\"btn btn-secondary understrap-read-more-link\" href=\"https:\/\/kuechen-baeder.fust.ch\/fr\/succursales-expositions-de-cuisines-expositions-de-salles-de-bains\/\">Lire la suite\u2026<\/a><\/p>\n","protected":false},"author":3,"featured_media":0,"parent":0,"menu_order":0,"comment_status":"closed","ping_status":"closed","template":"standorte.php","meta":{"_acf_changed":false,"footnotes":""},"class_list":["post-3071","page","type-page","status-publish","hentry"],"acf":[],"yoast_head":"<!-- This site is optimized with the Yoast SEO plugin v27.4 - https:\/\/yoast.com\/product\/yoast-seo-wordpress\/ -->\n<title>Expositions de cuisines et expositions de salles de bains - 38x en Suisse<\/title>\n<meta name=\"description\" content=\"Expositions de cuisines et expositions de salles de bains Fust. Prenez rendez-vous en ligne et obtenez des conseils d\u2019experts.\" \/>\n<meta name=\"robots\" content=\"index, follow, max-snippet:-1, max-image-preview:large, max-video-preview:-1\" \/>\n<link rel=\"canonical\" href=\"https:\/\/kuechen-baeder.fust.ch\/standorte-kuechenausstellungen-und-badausstellungen\/\" \/>\n<meta property=\"og:locale\" content=\"fr_FR\" \/>\n<meta property=\"og:type\" content=\"article\" \/>\n<meta property=\"og:title\" content=\"Expositions de cuisines et expositions de salles de bains - 38x en Suisse\" \/>\n<meta property=\"og:description\" content=\"Expositions de cuisines et expositions de salles de bains Fust. Prenez rendez-vous en ligne et obtenez des conseils d\u2019experts.\" \/>\n<meta property=\"og:url\" content=\"https:\/\/kuechen-baeder.fust.ch\/standorte-kuechenausstellungen-und-badausstellungen\/\" \/>\n<meta property=\"og:site_name\" content=\"Fust Cuisines &amp; Bains\" \/>\n<meta property=\"article:modified_time\" content=\"2020-08-26T14:31:15+00:00\" \/>\n<meta name=\"twitter:card\" content=\"summary_large_image\" \/>\n<script type=\"application\/ld+json\" class=\"yoast-schema-graph\">{\"@context\":\"https:\\\/\\\/schema.org\",\"@graph\":[{\"@type\":\"WebPage\",\"@id\":\"https:\\\/\\\/kuechen-baeder.fust.ch\\\/standorte-kuechenausstellungen-und-badausstellungen\\\/\",\"url\":\"https:\\\/\\\/kuechen-baeder.fust.ch\\\/standorte-kuechenausstellungen-und-badausstellungen\\\/\",\"name\":\"Expositions de cuisines et expositions de salles de bains - 38x en Suisse\",\"isPartOf\":{\"@id\":\"https:\\\/\\\/kuechen-baeder.fust.ch\\\/fr\\\/#website\"},\"datePublished\":\"2019-04-29T20:45:49+00:00\",\"dateModified\":\"2020-08-26T14:31:15+00:00\",\"description\":\"Expositions de cuisines et expositions de salles de bains Fust. Prenez rendez-vous en ligne et obtenez des conseils d\u2019experts.\",\"breadcrumb\":{\"@id\":\"https:\\\/\\\/kuechen-baeder.fust.ch\\\/standorte-kuechenausstellungen-und-badausstellungen\\\/#breadcrumb\"},\"inLanguage\":\"fr-FR\",\"potentialAction\":[{\"@type\":\"ReadAction\",\"target\":[\"https:\\\/\\\/kuechen-baeder.fust.ch\\\/standorte-kuechenausstellungen-und-badausstellungen\\\/\"]}]},{\"@type\":\"BreadcrumbList\",\"@id\":\"https:\\\/\\\/kuechen-baeder.fust.ch\\\/standorte-kuechenausstellungen-und-badausstellungen\\\/#breadcrumb\",\"itemListElement\":[{\"@type\":\"ListItem\",\"position\":1,\"name\":\"Home\",\"item\":\"https:\\\/\\\/kuechen-baeder.fust.ch\\\/fr\\\/\"},{\"@type\":\"ListItem\",\"position\":2,\"name\":\"Standorte\"}]},{\"@type\":\"WebSite\",\"@id\":\"https:\\\/\\\/kuechen-baeder.fust.ch\\\/fr\\\/#website\",\"url\":\"https:\\\/\\\/kuechen-baeder.fust.ch\\\/fr\\\/\",\"name\":\"Fust K\u00fcchen & B\u00e4der\",\"description\":\"Votre expert en cuisine et salle de bains avec plus de 45 ans d&#039;exp\u00e9rience et des expositions dans toute la Suisse.\",\"publisher\":{\"@id\":\"https:\\\/\\\/kuechen-baeder.fust.ch\\\/fr\\\/#organization\"},\"potentialAction\":[{\"@type\":\"SearchAction\",\"target\":{\"@type\":\"EntryPoint\",\"urlTemplate\":\"https:\\\/\\\/kuechen-baeder.fust.ch\\\/fr\\\/?s={search_term_string}\"},\"query-input\":{\"@type\":\"PropertyValueSpecification\",\"valueRequired\":true,\"valueName\":\"search_term_string\"}}],\"inLanguage\":\"fr-FR\"},{\"@type\":\"Organization\",\"@id\":\"https:\\\/\\\/kuechen-baeder.fust.ch\\\/fr\\\/#organization\",\"name\":\"Fust K\u00fcchen & B\u00e4der\",\"url\":\"https:\\\/\\\/kuechen-baeder.fust.ch\\\/fr\\\/\",\"logo\":{\"@type\":\"ImageObject\",\"inLanguage\":\"fr-FR\",\"@id\":\"https:\\\/\\\/kuechen-baeder.fust.ch\\\/fr\\\/#\\\/schema\\\/logo\\\/image\\\/\",\"url\":\"https:\\\/\\\/kuechen-baeder.fust.ch\\\/wp-content\\\/uploads\\\/2025\\\/08\\\/cropped-Fust_KuechenBaeder-Fust_schwarz-orange_RGB-scaled-2.png\",\"contentUrl\":\"https:\\\/\\\/kuechen-baeder.fust.ch\\\/wp-content\\\/uploads\\\/2025\\\/08\\\/cropped-Fust_KuechenBaeder-Fust_schwarz-orange_RGB-scaled-2.png\",\"width\":2559,\"height\":1521,\"caption\":\"Fust K\u00fcchen & B\u00e4der\"},\"image\":{\"@id\":\"https:\\\/\\\/kuechen-baeder.fust.ch\\\/fr\\\/#\\\/schema\\\/logo\\\/image\\\/\"}}]}<\/script>\n<!-- \/ Yoast SEO plugin. -->","yoast_head_json":{"title":"Expositions de cuisines et expositions de salles de bains - 38x en Suisse","description":"Expositions de cuisines et expositions de salles de bains Fust. Prenez rendez-vous en ligne et obtenez des conseils d\u2019experts.","robots":{"index":"index","follow":"follow","max-snippet":"max-snippet:-1","max-image-preview":"max-image-preview:large","max-video-preview":"max-video-preview:-1"},"canonical":"https:\/\/kuechen-baeder.fust.ch\/standorte-kuechenausstellungen-und-badausstellungen\/","og_locale":"fr_FR","og_type":"article","og_title":"Expositions de cuisines et expositions de salles de bains - 38x en Suisse","og_description":"Expositions de cuisines et expositions de salles de bains Fust. Prenez rendez-vous en ligne et obtenez des conseils d\u2019experts.","og_url":"https:\/\/kuechen-baeder.fust.ch\/standorte-kuechenausstellungen-und-badausstellungen\/","og_site_name":"Fust Cuisines &amp; Bains","article_modified_time":"2020-08-26T14:31:15+00:00","twitter_card":"summary_large_image","schema":{"@context":"https:\/\/schema.org","@graph":[{"@type":"WebPage","@id":"https:\/\/kuechen-baeder.fust.ch\/standorte-kuechenausstellungen-und-badausstellungen\/","url":"https:\/\/kuechen-baeder.fust.ch\/standorte-kuechenausstellungen-und-badausstellungen\/","name":"Expositions de cuisines et expositions de salles de bains - 38x en Suisse","isPartOf":{"@id":"https:\/\/kuechen-baeder.fust.ch\/fr\/#website"},"datePublished":"2019-04-29T20:45:49+00:00","dateModified":"2020-08-26T14:31:15+00:00","description":"Expositions de cuisines et expositions de salles de bains Fust. Prenez rendez-vous en ligne et obtenez des conseils d\u2019experts.","breadcrumb":{"@id":"https:\/\/kuechen-baeder.fust.ch\/standorte-kuechenausstellungen-und-badausstellungen\/#breadcrumb"},"inLanguage":"fr-FR","potentialAction":[{"@type":"ReadAction","target":["https:\/\/kuechen-baeder.fust.ch\/standorte-kuechenausstellungen-und-badausstellungen\/"]}]},{"@type":"BreadcrumbList","@id":"https:\/\/kuechen-baeder.fust.ch\/standorte-kuechenausstellungen-und-badausstellungen\/#breadcrumb","itemListElement":[{"@type":"ListItem","position":1,"name":"Home","item":"https:\/\/kuechen-baeder.fust.ch\/fr\/"},{"@type":"ListItem","position":2,"name":"Standorte"}]},{"@type":"WebSite","@id":"https:\/\/kuechen-baeder.fust.ch\/fr\/#website","url":"https:\/\/kuechen-baeder.fust.ch\/fr\/","name":"Fust K\u00fcchen & B\u00e4der","description":"Votre expert en cuisine et salle de bains avec plus de 45 ans d&#039;exp\u00e9rience et des expositions dans toute la Suisse.","publisher":{"@id":"https:\/\/kuechen-baeder.fust.ch\/fr\/#organization"},"potentialAction":[{"@type":"SearchAction","target":{"@type":"EntryPoint","urlTemplate":"https:\/\/kuechen-baeder.fust.ch\/fr\/?s={search_term_string}"},"query-input":{"@type":"PropertyValueSpecification","valueRequired":true,"valueName":"search_term_string"}}],"inLanguage":"fr-FR"},{"@type":"Organization","@id":"https:\/\/kuechen-baeder.fust.ch\/fr\/#organization","name":"Fust K\u00fcchen & B\u00e4der","url":"https:\/\/kuechen-baeder.fust.ch\/fr\/","logo":{"@type":"ImageObject","inLanguage":"fr-FR","@id":"https:\/\/kuechen-baeder.fust.ch\/fr\/#\/schema\/logo\/image\/","url":"https:\/\/kuechen-baeder.fust.ch\/wp-content\/uploads\/2025\/08\/cropped-Fust_KuechenBaeder-Fust_schwarz-orange_RGB-scaled-2.png","contentUrl":"https:\/\/kuechen-baeder.fust.ch\/wp-content\/uploads\/2025\/08\/cropped-Fust_KuechenBaeder-Fust_schwarz-orange_RGB-scaled-2.png","width":2559,"height":1521,"caption":"Fust K\u00fcchen & B\u00e4der"},"image":{"@id":"https:\/\/kuechen-baeder.fust.ch\/fr\/#\/schema\/logo\/image\/"}}]}},"_links":{"self":[{"href":"https:\/\/kuechen-baeder.fust.ch\/fr\/wp-json\/wp\/v2\/pages\/3071","targetHints":{"allow":["GET"]}}],"collection":[{"href":"https:\/\/kuechen-baeder.fust.ch\/fr\/wp-json\/wp\/v2\/pages"}],"about":[{"href":"https:\/\/kuechen-baeder.fust.ch\/fr\/wp-json\/wp\/v2\/types\/page"}],"author":[{"embeddable":true,"href":"https:\/\/kuechen-baeder.fust.ch\/fr\/wp-json\/wp\/v2\/users\/3"}],"replies":[{"embeddable":true,"href":"https:\/\/kuechen-baeder.fust.ch\/fr\/wp-json\/wp\/v2\/comments?post=3071"}],"version-history":[{"count":0,"href":"https:\/\/kuechen-baeder.fust.ch\/fr\/wp-json\/wp\/v2\/pages\/3071\/revisions"}],"wp:attachment":[{"href":"https:\/\/kuechen-baeder.fust.ch\/fr\/wp-json\/wp\/v2\/media?parent=3071"}],"curies":[{"name":"wp","href":"https:\/\/api.w.org\/{rel}","templated":true}]}}

<style>
	#wpsl-stores .wpsl-store-thumb {height:45px !important; width:45px !important;}
	#wpsl-stores, #wpsl-direction-details, #wpsl-gmap {height:500px !important;}
	#wpsl-gmap .wpsl-info-window {max-width:300px !important;}
	.wpsl-input label, #wpsl-radius label, #wpsl-category label {width:95px;}
	#wpsl-search-input ,#wpsl-category .wpsl-dropdown {width:200px;}
</style>
<div id="wpsl-wrap">
	<div class="wpsl-search wpsl-clearfix wpsl-filter">
		<div id="wpsl-search-wrap">
			<form autocomplete="off">
			<div class="wpsl-input">
				<div><label for="wpsl-search-input">Lieu</label></div>
				<input id="wpsl-search-input" type="text" value="" name="wpsl-search-input" placeholder="" aria-required="true" />
			</div>
			<div class="wpsl-select-wrap">
				<div id="wpsl-radius">
					<label for="wpsl-radius-dropdown">Rayon</label>
					<select id="wpsl-radius-dropdown" class="wpsl-dropdown" name="wpsl-radius">
						<option value="15">15 km</option><option selected="selected" value="25">25 km</option><option value="50">50 km</option><option value="70">70 km</option><option value="100">100 km</option>
					</select>
				</div>
				<div id="wpsl-results">
					<label for="wpsl-results-dropdown">Résultats</label>
					<select id="wpsl-results-dropdown" class="wpsl-dropdown" name="wpsl-results">
						<option selected="selected" value="10">10</option><option value="20">20</option><option value="30">30</option><option value="40">40</option>
					</select>
				</div>
			</div>
<div id="wpsl-category">
<label for="wpsl-category-list">Category</label>
<select  name='wpsl-category' id='wpsl-category-list' class='wpsl-dropdown'>
	<option value='0'>Any</option>
	<option class="level-0" value="455">Argovie</option>
	<option class="level-0" value="456">Bâle-Campagne</option>
	<option class="level-0" value="457">Berne</option>
	<option class="level-0" value="460">Fribourg</option>
	<option class="level-0" value="458">Genève</option>
	<option class="level-0" value="477">Grisons</option>
	<option class="level-0" value="459">Lucerne</option>
	<option class="level-0" value="461">Neuchâtel</option>
	<option class="level-0" value="463">Saint-Gall</option>
	<option class="level-0" value="462">Soleure</option>
	<option class="level-0" value="464">Tessin</option>
	<option class="level-0" value="465">Thurgovie</option>
	<option class="level-0" value="467">Valais</option>
	<option class="level-0" value="466">Vaud</option>
	<option class="level-0" value="468">Zoug</option>
	<option class="level-0" value="469">Zurich</option>
</select>
</div>
				<div class="wpsl-search-btn-wrap"><input id="wpsl-search-btn" type="submit" value="Chercher"></div>
		</form>
		</div>
	</div>
	<div id="wpsl-gmap" class="wpsl-gmap-canvas"></div>
	<div id="wpsl-result-list">
		<div id="wpsl-stores" >
			<ul></ul>
		</div>
		<div id="wpsl-direction-details">
			<ul></ul>
		</div>
	</div>
</div>

<!-- This site is optimized with the Yoast SEO plugin v27.4 - https://yoast.com/product/yoast-seo-wordpress/ -->
<title>Expositions de cuisines et expositions de salles de bains - 38x en Suisse</title>
<meta name="description" content="Expositions de cuisines et expositions de salles de bains Fust. Prenez rendez-vous en ligne et obtenez des conseils d’experts." />
<meta name="robots" content="index, follow, max-snippet:-1, max-image-preview:large, max-video-preview:-1" />
<link rel="canonical" href="https://kuechen-baeder.fust.ch/standorte-kuechenausstellungen-und-badausstellungen/" />
<meta property="og:locale" content="fr_FR" />
<meta property="og:type" content="article" />
<meta property="og:title" content="Expositions de cuisines et expositions de salles de bains - 38x en Suisse" />
<meta property="og:description" content="Expositions de cuisines et expositions de salles de bains Fust. Prenez rendez-vous en ligne et obtenez des conseils d’experts." />
<meta property="og:url" content="https://kuechen-baeder.fust.ch/standorte-kuechenausstellungen-und-badausstellungen/" />
<meta property="og:site_name" content="Fust Cuisines &amp; Bains" />
<meta property="article:modified_time" content="2020-08-26T14:31:15+00:00" />
<meta name="twitter:card" content="summary_large_image" />
<script type="application/ld+json" class="yoast-schema-graph">{"@context":"https:\/\/schema.org","@graph":[{"@type":"WebPage","@id":"https:\/\/kuechen-baeder.fust.ch\/standorte-kuechenausstellungen-und-badausstellungen\/","url":"https:\/\/kuechen-baeder.fust.ch\/standorte-kuechenausstellungen-und-badausstellungen\/","name":"Expositions de cuisines et expositions de salles de bains - 38x en Suisse","isPartOf":{"@id":"https:\/\/kuechen-baeder.fust.ch\/fr\/#website"},"datePublished":"2019-04-29T20:45:49+00:00","dateModified":"2020-08-26T14:31:15+00:00","description":"Expositions de cuisines et expositions de salles de bains Fust. Prenez rendez-vous en ligne et obtenez des conseils d’experts.","breadcrumb":{"@id":"https:\/\/kuechen-baeder.fust.ch\/standorte-kuechenausstellungen-und-badausstellungen\/#breadcrumb"},"inLanguage":"fr-FR","potentialAction":[{"@type":"ReadAction","target":["https:\/\/kuechen-baeder.fust.ch\/standorte-kuechenausstellungen-und-badausstellungen\/"]}]},{"@type":"BreadcrumbList","@id":"https:\/\/kuechen-baeder.fust.ch\/standorte-kuechenausstellungen-und-badausstellungen\/#breadcrumb","itemListElement":[{"@type":"ListItem","position":1,"name":"Home","item":"https:\/\/kuechen-baeder.fust.ch\/fr\/"},{"@type":"ListItem","position":2,"name":"Standorte"}]},{"@type":"WebSite","@id":"https:\/\/kuechen-baeder.fust.ch\/fr\/#website","url":"https:\/\/kuechen-baeder.fust.ch\/fr\/","name":"Fust Küchen & Bäder","description":"Votre expert en cuisine et salle de bains avec plus de 45 ans d&#039;expérience et des expositions dans toute la Suisse.","publisher":{"@id":"https:\/\/kuechen-baeder.fust.ch\/fr\/#organization"},"potentialAction":[{"@type":"SearchAction","target":{"@type":"EntryPoint","urlTemplate":"https:\/\/kuechen-baeder.fust.ch\/fr\/?s={search_term_string}"},"query-input":{"@type":"PropertyValueSpecification","valueRequired":true,"valueName":"search_term_string"}}],"inLanguage":"fr-FR"},{"@type":"Organization","@id":"https:\/\/kuechen-baeder.fust.ch\/fr\/#organization","name":"Fust Küchen & Bäder","url":"https:\/\/kuechen-baeder.fust.ch\/fr\/","logo":{"@type":"ImageObject","inLanguage":"fr-FR","@id":"https:\/\/kuechen-baeder.fust.ch\/fr\/#\/schema\/logo\/image\/","url":"https:\/\/kuechen-baeder.fust.ch\/wp-content\/uploads\/2025\/08\/cropped-Fust_KuechenBaeder-Fust_schwarz-orange_RGB-scaled-2.png","contentUrl":"https:\/\/kuechen-baeder.fust.ch\/wp-content\/uploads\/2025\/08\/cropped-Fust_KuechenBaeder-Fust_schwarz-orange_RGB-scaled-2.png","width":2559,"height":1521,"caption":"Fust Küchen & Bäder"},"image":{"@id":"https:\/\/kuechen-baeder.fust.ch\/fr\/#\/schema\/logo\/image\/"}}]}</script>
<!-- / Yoast SEO plugin. -->

Fust Küchen & Bäder

Votre expert en cuisine et salle de bains avec plus de 45 ans d&#039;expérience et des expositions dans toute la Suisse.
