{"id":3343,"date":"2019-11-07T11:18:33","date_gmt":"2019-11-07T09:18:33","guid":{"rendered":"https:\/\/kuechen-baeder.fust.ch\/?post_type=wpsl_stores&#038;p=3343"},"modified":"2021-08-31T16:21:47","modified_gmt":"2021-08-31T14:21:47","slug":"exposition-de-cuisines-exposition-de-salles-de-bains-grancia","status":"publish","type":"wpsl_stores","link":"https:\/\/kuechen-baeder.fust.ch\/fr\/succursale\/exposition-de-cuisines-exposition-de-salles-de-bains-grancia\/","title":{"rendered":"Exposition de cuisines et de salles de bains Grancia"},"content":{"rendered":"","protected":false},"excerpt":{"rendered":"<p> [&#8230;]<\/p>\n<p><a class=\"btn btn-secondary understrap-read-more-link\" href=\"https:\/\/kuechen-baeder.fust.ch\/fr\/succursale\/exposition-de-cuisines-exposition-de-salles-de-bains-grancia\/\">Lire la suite\u2026<\/a><\/p>\n","protected":false},"author":3,"featured_media":2976,"template":"","wpsl_store_category":[464],"class_list":["post-3343","wpsl_stores","type-wpsl_stores","status-publish","has-post-thumbnail","hentry","wpsl_store_category-canton_tessin"],"acf":[],"yoast_head":"<!-- This site is optimized with the Yoast SEO plugin v27.4 - https:\/\/yoast.com\/product\/yoast-seo-wordpress\/ -->\n<title>Exposition de cuisines et exposition de salles de bains Grancia<\/title>\n<meta name=\"description\" content=\"Bienvenue \u00e0 l\u2019exposition de cuisines et l&#039;exposition de salles de bains Grancia de Fust. D\u00e9couvrez notre assortiment en ligne et prenez rendez-vous pour une consultation gratuite.\" \/>\n<meta name=\"robots\" content=\"index, follow, max-snippet:-1, max-image-preview:large, max-video-preview:-1\" \/>\n<link rel=\"canonical\" href=\"https:\/\/kuechen-baeder.fust.ch\/fr\/succursale\/exposition-de-cuisines-exposition-de-salles-de-bains-grancia\/\" \/>\n<meta property=\"og:locale\" content=\"fr_FR\" \/>\n<meta property=\"og:type\" content=\"article\" \/>\n<meta property=\"og:title\" content=\"Exposition de cuisines et exposition de salles de bains Grancia\" \/>\n<meta property=\"og:description\" content=\"Bienvenue \u00e0 l\u2019exposition de cuisines et l&#039;exposition de salles de bains Grancia de Fust. D\u00e9couvrez notre assortiment en ligne et prenez rendez-vous pour une consultation gratuite.\" \/>\n<meta property=\"og:url\" content=\"https:\/\/kuechen-baeder.fust.ch\/fr\/succursale\/exposition-de-cuisines-exposition-de-salles-de-bains-grancia\/\" \/>\n<meta property=\"og:site_name\" content=\"Fust Cuisines &amp; Bains\" \/>\n<meta property=\"article:modified_time\" content=\"2021-08-31T14:21:47+00:00\" \/>\n<meta property=\"og:image\" content=\"https:\/\/kuechen-baeder.fust.ch\/wp-content\/uploads\/2019\/05\/Grancia-2.jpg\" \/>\n\t<meta property=\"og:image:width\" content=\"1020\" \/>\n\t<meta property=\"og:image:height\" content=\"534\" \/>\n\t<meta property=\"og:image:type\" content=\"image\/jpeg\" \/>\n<meta name=\"twitter:card\" content=\"summary_large_image\" \/>\n<script type=\"application\/ld+json\" class=\"yoast-schema-graph\">{\"@context\":\"https:\\\/\\\/schema.org\",\"@graph\":[{\"@type\":\"WebPage\",\"@id\":\"https:\\\/\\\/kuechen-baeder.fust.ch\\\/fr\\\/succursale\\\/exposition-de-cuisines-exposition-de-salles-de-bains-grancia\\\/\",\"url\":\"https:\\\/\\\/kuechen-baeder.fust.ch\\\/fr\\\/succursale\\\/exposition-de-cuisines-exposition-de-salles-de-bains-grancia\\\/\",\"name\":\"Exposition de cuisines et exposition de salles de bains Grancia\",\"isPartOf\":{\"@id\":\"https:\\\/\\\/kuechen-baeder.fust.ch\\\/fr\\\/#website\"},\"primaryImageOfPage\":{\"@id\":\"https:\\\/\\\/kuechen-baeder.fust.ch\\\/fr\\\/succursale\\\/exposition-de-cuisines-exposition-de-salles-de-bains-grancia\\\/#primaryimage\"},\"image\":{\"@id\":\"https:\\\/\\\/kuechen-baeder.fust.ch\\\/fr\\\/succursale\\\/exposition-de-cuisines-exposition-de-salles-de-bains-grancia\\\/#primaryimage\"},\"thumbnailUrl\":\"https:\\\/\\\/kuechen-baeder.fust.ch\\\/wp-content\\\/uploads\\\/2019\\\/05\\\/Grancia-2.jpg\",\"datePublished\":\"2019-11-07T09:18:33+00:00\",\"dateModified\":\"2021-08-31T14:21:47+00:00\",\"description\":\"Bienvenue \u00e0 l\u2019exposition de cuisines et l'exposition de salles de bains Grancia de Fust. D\u00e9couvrez notre assortiment en ligne et prenez rendez-vous pour une consultation gratuite.\",\"breadcrumb\":{\"@id\":\"https:\\\/\\\/kuechen-baeder.fust.ch\\\/fr\\\/succursale\\\/exposition-de-cuisines-exposition-de-salles-de-bains-grancia\\\/#breadcrumb\"},\"inLanguage\":\"fr-FR\",\"potentialAction\":[{\"@type\":\"ReadAction\",\"target\":[\"https:\\\/\\\/kuechen-baeder.fust.ch\\\/fr\\\/succursale\\\/exposition-de-cuisines-exposition-de-salles-de-bains-grancia\\\/\"]}]},{\"@type\":\"ImageObject\",\"inLanguage\":\"fr-FR\",\"@id\":\"https:\\\/\\\/kuechen-baeder.fust.ch\\\/fr\\\/succursale\\\/exposition-de-cuisines-exposition-de-salles-de-bains-grancia\\\/#primaryimage\",\"url\":\"https:\\\/\\\/kuechen-baeder.fust.ch\\\/wp-content\\\/uploads\\\/2019\\\/05\\\/Grancia-2.jpg\",\"contentUrl\":\"https:\\\/\\\/kuechen-baeder.fust.ch\\\/wp-content\\\/uploads\\\/2019\\\/05\\\/Grancia-2.jpg\",\"width\":1020,\"height\":534},{\"@type\":\"BreadcrumbList\",\"@id\":\"https:\\\/\\\/kuechen-baeder.fust.ch\\\/fr\\\/succursale\\\/exposition-de-cuisines-exposition-de-salles-de-bains-grancia\\\/#breadcrumb\",\"itemListElement\":[{\"@type\":\"ListItem\",\"position\":1,\"name\":\"Home\",\"item\":\"https:\\\/\\\/kuechen-baeder.fust.ch\\\/fr\\\/\"},{\"@type\":\"ListItem\",\"position\":2,\"name\":\"Exposition de cuisines et de salles de bains Grancia\"}]},{\"@type\":\"WebSite\",\"@id\":\"https:\\\/\\\/kuechen-baeder.fust.ch\\\/fr\\\/#website\",\"url\":\"https:\\\/\\\/kuechen-baeder.fust.ch\\\/fr\\\/\",\"name\":\"Fust K\u00fcchen & B\u00e4der\",\"description\":\"Votre expert en cuisine et salle de bains avec plus de 45 ans d&#039;exp\u00e9rience et des expositions dans toute la Suisse.\",\"publisher\":{\"@id\":\"https:\\\/\\\/kuechen-baeder.fust.ch\\\/fr\\\/#organization\"},\"potentialAction\":[{\"@type\":\"SearchAction\",\"target\":{\"@type\":\"EntryPoint\",\"urlTemplate\":\"https:\\\/\\\/kuechen-baeder.fust.ch\\\/fr\\\/?s={search_term_string}\"},\"query-input\":{\"@type\":\"PropertyValueSpecification\",\"valueRequired\":true,\"valueName\":\"search_term_string\"}}],\"inLanguage\":\"fr-FR\"},{\"@type\":\"Organization\",\"@id\":\"https:\\\/\\\/kuechen-baeder.fust.ch\\\/fr\\\/#organization\",\"name\":\"Fust K\u00fcchen & B\u00e4der\",\"url\":\"https:\\\/\\\/kuechen-baeder.fust.ch\\\/fr\\\/\",\"logo\":{\"@type\":\"ImageObject\",\"inLanguage\":\"fr-FR\",\"@id\":\"https:\\\/\\\/kuechen-baeder.fust.ch\\\/fr\\\/#\\\/schema\\\/logo\\\/image\\\/\",\"url\":\"https:\\\/\\\/kuechen-baeder.fust.ch\\\/wp-content\\\/uploads\\\/2025\\\/08\\\/cropped-Fust_KuechenBaeder-Fust_schwarz-orange_RGB-scaled-2.png\",\"contentUrl\":\"https:\\\/\\\/kuechen-baeder.fust.ch\\\/wp-content\\\/uploads\\\/2025\\\/08\\\/cropped-Fust_KuechenBaeder-Fust_schwarz-orange_RGB-scaled-2.png\",\"width\":2559,\"height\":1521,\"caption\":\"Fust K\u00fcchen & B\u00e4der\"},\"image\":{\"@id\":\"https:\\\/\\\/kuechen-baeder.fust.ch\\\/fr\\\/#\\\/schema\\\/logo\\\/image\\\/\"}}]}<\/script>\n<!-- \/ Yoast SEO plugin. -->","yoast_head_json":{"title":"Exposition de cuisines et exposition de salles de bains Grancia","description":"Bienvenue \u00e0 l\u2019exposition de cuisines et l'exposition de salles de bains Grancia de Fust. D\u00e9couvrez notre assortiment en ligne et prenez rendez-vous pour une consultation gratuite.","robots":{"index":"index","follow":"follow","max-snippet":"max-snippet:-1","max-image-preview":"max-image-preview:large","max-video-preview":"max-video-preview:-1"},"canonical":"https:\/\/kuechen-baeder.fust.ch\/fr\/succursale\/exposition-de-cuisines-exposition-de-salles-de-bains-grancia\/","og_locale":"fr_FR","og_type":"article","og_title":"Exposition de cuisines et exposition de salles de bains Grancia","og_description":"Bienvenue \u00e0 l\u2019exposition de cuisines et l'exposition de salles de bains Grancia de Fust. D\u00e9couvrez notre assortiment en ligne et prenez rendez-vous pour une consultation gratuite.","og_url":"https:\/\/kuechen-baeder.fust.ch\/fr\/succursale\/exposition-de-cuisines-exposition-de-salles-de-bains-grancia\/","og_site_name":"Fust Cuisines &amp; Bains","article_modified_time":"2021-08-31T14:21:47+00:00","og_image":[{"width":1020,"height":534,"url":"https:\/\/kuechen-baeder.fust.ch\/wp-content\/uploads\/2019\/05\/Grancia-2.jpg","type":"image\/jpeg"}],"twitter_card":"summary_large_image","schema":{"@context":"https:\/\/schema.org","@graph":[{"@type":"WebPage","@id":"https:\/\/kuechen-baeder.fust.ch\/fr\/succursale\/exposition-de-cuisines-exposition-de-salles-de-bains-grancia\/","url":"https:\/\/kuechen-baeder.fust.ch\/fr\/succursale\/exposition-de-cuisines-exposition-de-salles-de-bains-grancia\/","name":"Exposition de cuisines et exposition de salles de bains Grancia","isPartOf":{"@id":"https:\/\/kuechen-baeder.fust.ch\/fr\/#website"},"primaryImageOfPage":{"@id":"https:\/\/kuechen-baeder.fust.ch\/fr\/succursale\/exposition-de-cuisines-exposition-de-salles-de-bains-grancia\/#primaryimage"},"image":{"@id":"https:\/\/kuechen-baeder.fust.ch\/fr\/succursale\/exposition-de-cuisines-exposition-de-salles-de-bains-grancia\/#primaryimage"},"thumbnailUrl":"https:\/\/kuechen-baeder.fust.ch\/wp-content\/uploads\/2019\/05\/Grancia-2.jpg","datePublished":"2019-11-07T09:18:33+00:00","dateModified":"2021-08-31T14:21:47+00:00","description":"Bienvenue \u00e0 l\u2019exposition de cuisines et l'exposition de salles de bains Grancia de Fust. D\u00e9couvrez notre assortiment en ligne et prenez rendez-vous pour une consultation gratuite.","breadcrumb":{"@id":"https:\/\/kuechen-baeder.fust.ch\/fr\/succursale\/exposition-de-cuisines-exposition-de-salles-de-bains-grancia\/#breadcrumb"},"inLanguage":"fr-FR","potentialAction":[{"@type":"ReadAction","target":["https:\/\/kuechen-baeder.fust.ch\/fr\/succursale\/exposition-de-cuisines-exposition-de-salles-de-bains-grancia\/"]}]},{"@type":"ImageObject","inLanguage":"fr-FR","@id":"https:\/\/kuechen-baeder.fust.ch\/fr\/succursale\/exposition-de-cuisines-exposition-de-salles-de-bains-grancia\/#primaryimage","url":"https:\/\/kuechen-baeder.fust.ch\/wp-content\/uploads\/2019\/05\/Grancia-2.jpg","contentUrl":"https:\/\/kuechen-baeder.fust.ch\/wp-content\/uploads\/2019\/05\/Grancia-2.jpg","width":1020,"height":534},{"@type":"BreadcrumbList","@id":"https:\/\/kuechen-baeder.fust.ch\/fr\/succursale\/exposition-de-cuisines-exposition-de-salles-de-bains-grancia\/#breadcrumb","itemListElement":[{"@type":"ListItem","position":1,"name":"Home","item":"https:\/\/kuechen-baeder.fust.ch\/fr\/"},{"@type":"ListItem","position":2,"name":"Exposition de cuisines et de salles de bains Grancia"}]},{"@type":"WebSite","@id":"https:\/\/kuechen-baeder.fust.ch\/fr\/#website","url":"https:\/\/kuechen-baeder.fust.ch\/fr\/","name":"Fust K\u00fcchen & B\u00e4der","description":"Votre expert en cuisine et salle de bains avec plus de 45 ans d&#039;exp\u00e9rience et des expositions dans toute la Suisse.","publisher":{"@id":"https:\/\/kuechen-baeder.fust.ch\/fr\/#organization"},"potentialAction":[{"@type":"SearchAction","target":{"@type":"EntryPoint","urlTemplate":"https:\/\/kuechen-baeder.fust.ch\/fr\/?s={search_term_string}"},"query-input":{"@type":"PropertyValueSpecification","valueRequired":true,"valueName":"search_term_string"}}],"inLanguage":"fr-FR"},{"@type":"Organization","@id":"https:\/\/kuechen-baeder.fust.ch\/fr\/#organization","name":"Fust K\u00fcchen & B\u00e4der","url":"https:\/\/kuechen-baeder.fust.ch\/fr\/","logo":{"@type":"ImageObject","inLanguage":"fr-FR","@id":"https:\/\/kuechen-baeder.fust.ch\/fr\/#\/schema\/logo\/image\/","url":"https:\/\/kuechen-baeder.fust.ch\/wp-content\/uploads\/2025\/08\/cropped-Fust_KuechenBaeder-Fust_schwarz-orange_RGB-scaled-2.png","contentUrl":"https:\/\/kuechen-baeder.fust.ch\/wp-content\/uploads\/2025\/08\/cropped-Fust_KuechenBaeder-Fust_schwarz-orange_RGB-scaled-2.png","width":2559,"height":1521,"caption":"Fust K\u00fcchen & B\u00e4der"},"image":{"@id":"https:\/\/kuechen-baeder.fust.ch\/fr\/#\/schema\/logo\/image\/"}}]}},"_links":{"self":[{"href":"https:\/\/kuechen-baeder.fust.ch\/fr\/wp-json\/wp\/v2\/wpsl_stores\/3343","targetHints":{"allow":["GET"]}}],"collection":[{"href":"https:\/\/kuechen-baeder.fust.ch\/fr\/wp-json\/wp\/v2\/wpsl_stores"}],"about":[{"href":"https:\/\/kuechen-baeder.fust.ch\/fr\/wp-json\/wp\/v2\/types\/wpsl_stores"}],"author":[{"embeddable":true,"href":"https:\/\/kuechen-baeder.fust.ch\/fr\/wp-json\/wp\/v2\/users\/3"}],"version-history":[{"count":0,"href":"https:\/\/kuechen-baeder.fust.ch\/fr\/wp-json\/wp\/v2\/wpsl_stores\/3343\/revisions"}],"wp:featuredmedia":[{"embeddable":true,"href":"https:\/\/kuechen-baeder.fust.ch\/fr\/wp-json\/wp\/v2\/media\/2976"}],"wp:attachment":[{"href":"https:\/\/kuechen-baeder.fust.ch\/fr\/wp-json\/wp\/v2\/media?parent=3343"}],"wp:term":[{"taxonomy":"wpsl_store_category","embeddable":true,"href":"https:\/\/kuechen-baeder.fust.ch\/fr\/wp-json\/wp\/v2\/wpsl_store_category?post=3343"}],"curies":[{"name":"wp","href":"https:\/\/api.w.org\/{rel}","templated":true}]}}

<!-- This site is optimized with the Yoast SEO plugin v27.4 - https://yoast.com/product/yoast-seo-wordpress/ -->
<title>Exposition de cuisines et exposition de salles de bains Grancia</title>
<meta name="description" content="Bienvenue à l’exposition de cuisines et l&#039;exposition de salles de bains Grancia de Fust. Découvrez notre assortiment en ligne et prenez rendez-vous pour une consultation gratuite." />
<meta name="robots" content="index, follow, max-snippet:-1, max-image-preview:large, max-video-preview:-1" />
<link rel="canonical" href="https://kuechen-baeder.fust.ch/fr/succursale/exposition-de-cuisines-exposition-de-salles-de-bains-grancia/" />
<meta property="og:locale" content="fr_FR" />
<meta property="og:type" content="article" />
<meta property="og:title" content="Exposition de cuisines et exposition de salles de bains Grancia" />
<meta property="og:description" content="Bienvenue à l’exposition de cuisines et l&#039;exposition de salles de bains Grancia de Fust. Découvrez notre assortiment en ligne et prenez rendez-vous pour une consultation gratuite." />
<meta property="og:url" content="https://kuechen-baeder.fust.ch/fr/succursale/exposition-de-cuisines-exposition-de-salles-de-bains-grancia/" />
<meta property="og:site_name" content="Fust Cuisines &amp; Bains" />
<meta property="article:modified_time" content="2021-08-31T14:21:47+00:00" />
<meta property="og:image" content="https://kuechen-baeder.fust.ch/wp-content/uploads/2019/05/Grancia-2.jpg" />
	<meta property="og:image:width" content="1020" />
	<meta property="og:image:height" content="534" />
	<meta property="og:image:type" content="image/jpeg" />
<meta name="twitter:card" content="summary_large_image" />
<script type="application/ld+json" class="yoast-schema-graph">{"@context":"https:\/\/schema.org","@graph":[{"@type":"WebPage","@id":"https:\/\/kuechen-baeder.fust.ch\/fr\/succursale\/exposition-de-cuisines-exposition-de-salles-de-bains-grancia\/","url":"https:\/\/kuechen-baeder.fust.ch\/fr\/succursale\/exposition-de-cuisines-exposition-de-salles-de-bains-grancia\/","name":"Exposition de cuisines et exposition de salles de bains Grancia","isPartOf":{"@id":"https:\/\/kuechen-baeder.fust.ch\/fr\/#website"},"primaryImageOfPage":{"@id":"https:\/\/kuechen-baeder.fust.ch\/fr\/succursale\/exposition-de-cuisines-exposition-de-salles-de-bains-grancia\/#primaryimage"},"image":{"@id":"https:\/\/kuechen-baeder.fust.ch\/fr\/succursale\/exposition-de-cuisines-exposition-de-salles-de-bains-grancia\/#primaryimage"},"thumbnailUrl":"https:\/\/kuechen-baeder.fust.ch\/wp-content\/uploads\/2019\/05\/Grancia-2.jpg","datePublished":"2019-11-07T09:18:33+00:00","dateModified":"2021-08-31T14:21:47+00:00","description":"Bienvenue à l’exposition de cuisines et l'exposition de salles de bains Grancia de Fust. Découvrez notre assortiment en ligne et prenez rendez-vous pour une consultation gratuite.","breadcrumb":{"@id":"https:\/\/kuechen-baeder.fust.ch\/fr\/succursale\/exposition-de-cuisines-exposition-de-salles-de-bains-grancia\/#breadcrumb"},"inLanguage":"fr-FR","potentialAction":[{"@type":"ReadAction","target":["https:\/\/kuechen-baeder.fust.ch\/fr\/succursale\/exposition-de-cuisines-exposition-de-salles-de-bains-grancia\/"]}]},{"@type":"ImageObject","inLanguage":"fr-FR","@id":"https:\/\/kuechen-baeder.fust.ch\/fr\/succursale\/exposition-de-cuisines-exposition-de-salles-de-bains-grancia\/#primaryimage","url":"https:\/\/kuechen-baeder.fust.ch\/wp-content\/uploads\/2019\/05\/Grancia-2.jpg","contentUrl":"https:\/\/kuechen-baeder.fust.ch\/wp-content\/uploads\/2019\/05\/Grancia-2.jpg","width":1020,"height":534},{"@type":"BreadcrumbList","@id":"https:\/\/kuechen-baeder.fust.ch\/fr\/succursale\/exposition-de-cuisines-exposition-de-salles-de-bains-grancia\/#breadcrumb","itemListElement":[{"@type":"ListItem","position":1,"name":"Home","item":"https:\/\/kuechen-baeder.fust.ch\/fr\/"},{"@type":"ListItem","position":2,"name":"Exposition de cuisines et de salles de bains Grancia"}]},{"@type":"WebSite","@id":"https:\/\/kuechen-baeder.fust.ch\/fr\/#website","url":"https:\/\/kuechen-baeder.fust.ch\/fr\/","name":"Fust Küchen & Bäder","description":"Votre expert en cuisine et salle de bains avec plus de 45 ans d&#039;expérience et des expositions dans toute la Suisse.","publisher":{"@id":"https:\/\/kuechen-baeder.fust.ch\/fr\/#organization"},"potentialAction":[{"@type":"SearchAction","target":{"@type":"EntryPoint","urlTemplate":"https:\/\/kuechen-baeder.fust.ch\/fr\/?s={search_term_string}"},"query-input":{"@type":"PropertyValueSpecification","valueRequired":true,"valueName":"search_term_string"}}],"inLanguage":"fr-FR"},{"@type":"Organization","@id":"https:\/\/kuechen-baeder.fust.ch\/fr\/#organization","name":"Fust Küchen & Bäder","url":"https:\/\/kuechen-baeder.fust.ch\/fr\/","logo":{"@type":"ImageObject","inLanguage":"fr-FR","@id":"https:\/\/kuechen-baeder.fust.ch\/fr\/#\/schema\/logo\/image\/","url":"https:\/\/kuechen-baeder.fust.ch\/wp-content\/uploads\/2025\/08\/cropped-Fust_KuechenBaeder-Fust_schwarz-orange_RGB-scaled-2.png","contentUrl":"https:\/\/kuechen-baeder.fust.ch\/wp-content\/uploads\/2025\/08\/cropped-Fust_KuechenBaeder-Fust_schwarz-orange_RGB-scaled-2.png","width":2559,"height":1521,"caption":"Fust Küchen & Bäder"},"image":{"@id":"https:\/\/kuechen-baeder.fust.ch\/fr\/#\/schema\/logo\/image\/"}}]}</script>
<!-- / Yoast SEO plugin. -->

Bienvenue à l’exposition de cuisines et l'exposition de salles de bains Grancia de Fust. Découvrez notre assortiment en ligne et prenez rendez-vous pour une consultation gratuite.

Fust Küchen & Bäder

Votre expert en cuisine et salle de bains avec plus de 45 ans d&#039;expérience et des expositions dans toute la Suisse.
